e o(44).
-38
Let p(x) = 3*x - 50. Give p(-9).
-77
Let t(r) = r - 42. What is t(34)?
-8
Let b(l) = 56*l - 1162. What is b(20)?
-42
Let u(p) = p**3 + 33*p**2 + 22*p + 692. Determine u(-33).
-34
Let x(l) = -l**3 + 113*l**2 + 969*l + 10. Determine x(-8).
2
Let y(h) = 4*h**3 + 5*h**2 + 2*h - 596. Give y(0).
-596
Let r(n) = 2*n**2 - 33*n + 82. What is r(15)?
37
Let i(k) = 5*k**3 + 243*k**2 + 473*k. Calculate i(-2).
-14
Let q(u) = -3*u**2 - 18. Calculate q(0).
-18
Let x(i) = 2*i**3 - 73*i**2 + 67*i + 3504. Give x(34).
2
Let j(h) = 3*h**3 + 2*h**2 - 4*h + 7. Give j(-3).
-44
Let l(m) = -36*m**3 + 9*m**2 + 9*m - 2. Determine l(-1).
34
Let l(m) = -15*m + 172. What is l(11)?
7
Let h(a) = 8*a**2 + 41*a + 14. Calculate h(-7).
119
Let v(a) = -6795*a - 115537. Give v(-17).
-22
Let g(k) = k**3 - 12*k**2 - 7*k - 61. Calculate g(13).
17
Let x(k) = 27*k + 38. Calculate x(-3).
-43
Let w(v) = -274*v + 3795. Calculate w(14).
-41
Let i(c) = c**3 - 7*c**2 - 94*c + 410. Determine i(12).
2
Let p(r) = -66*r + 3209. Determine p(48).
41
Let b(h) = h**2 + 1291*h + 17863. Give b(-14).
-15
Let w(b) = -27*b + 351. Give w(19).
-162
Let x(j) = 2*j**2 - 809*j + 11. Give x(0).
11
Let z(i) = 5*i**2 - 72*i - 357. What is z(-4)?
11
Let b(t) = -931*t - 3743. What is b(-4)?
-19
Let g(p) = p**3 + 15*p**2 - 41*p - 74. Calculate g(-17).
45
Let l(h) = 78*h + 222. Calculate l(-5).
-168
Let h(o) = -o**3 - 23*o**2 - 32*o + 125. Determine h(-21).
-85
Let a(b) = -358*b + 2096. What is a(6)?
-52
Let h(z) = -z**3 + 47*z**2 + 161*z - 554. Give h(50).
-4
Let y(g) = -6*g**2 - 4*g - 1. Calculate y(0).
-1
Let r(u) = 3*u**2 - 135*u + 1514. What is r(24)?
2
Let m(n) = -2*n**3 - 23*n**2 + 269*n - 299. Determine m(-19).
5
Let a(b) = b**3 - 8*b**2 - 2*b - 2. Calculate a(10).
178
Let t(k) = -2*k + 168. Calculate t(0).
168
Let b(c) = c**2 + 63*c - 5648. Determine b(-113).
2
Let b(u) = u**2 - 125*u + 1447. What is b(13)?
-9
Let t(r) = 7*r + 21. Give t(-4).
-7
Let h(i) = -253*i + 6830. Give h(27).
-1
Let b(n) = 14*n + 127. What is b(5)?
197
Let n(f) = -f**3 - 50*f**2 + 2*f + 82. Calculate n(-50).
-18
Let q(o) = -91*o + 5002. Give q(55).
-3
Let q(i) = -5*i**2 - 210*i + 18. Determine q(-40).
418
Let x(a) = -377*a - 60. Give x(-1).
317
Let m(d) = d**2 - 16*d + 28. Give m(13).
-11
Let s(m) = -m**3 - 13*m**2 - 28*m + 14. Give s(-8).
-82
Let w(o) = -o**3 - 11*o**2 - 20*o - 17. What is w(-10)?
83
Let y(c) = -4*c + 17. Calculate y(16).
-47
Let t(o) = 55*o + 6087. Calculate t(-106).
257
Let q(x) = x**3 + 105*x**2 + 336*x + 13391. Calculate q(-103).
1
Let n(g) = -g**2 + 18*g - 122. Give n(28).
-402
Let c(z) = -z**2 + 203*z + 13246. Determine c(-52).
-14
Let t(h) = -157*h + 8007. Give t(51).
0
Let c(p) = -41*p**2 + 1561*p - 37. What is c(38)?
77
Let s(m) = 1740*m + 10448. Give s(-6).
8
Let i(l) = -9*l**2 + 7*l - 5. Calculate i(1).
-7
Let l(c) = 5*c**3 - 22*c**2 + 50*c - 176. Determine l(4).
-8
Let a(m) = -m**2 + 11*m + 7. Calculate a(8).
31
Let d(f) = 219*f - 5026. What is d(23)?
11
Let s(t) = -23*t + 66. What is s(4)?
-26
Let j(n) = n**2 + 64*n + 879. Calculate j(-40).
-81
Let o(n) = n**3 - 14*n**2 - 10*n + 120. Determine o(14).
-20
Let r(h) = -2*h**3 + 11*h**2 + 3*h + 8. What is r(5)?
48
Let x(f) = f**2 - 859*f - 22099. What is x(-25)?
1
Let b(s) = 278*s - 1622. Determine b(6).
46
Let f(o) = -3*o**2 + 445*o - 114. Calculate f(148).
34
Let w(u) = -87*u - 517. Give w(-6).
5
Let p(d) = -d**3 + 18*d**2 + 25*d + 277. Determine p(20).
-23
Let k(t) = 38*t + 291. What is k(0)?
291
Let m(f) = 20*f**3 + 5*f**2 + 4*f + 6. Give m(-2).
-142
Let y(g) = -g**2 - 6*g + 195. Give y(-17).
8
Let h(q) = 2*q**2 + 31*q + 84. Determine h(-17).
135
Let i(n) = n**2 - 2*n - 70. Calculate i(10).
10
Let d(i) = -44*i**2 + 74*i + 75. Determine d(-1).
-43
Let w(o) = 2*o**3 - 139*o**2 + 211*o - 185. Give w(68).
291
Let l(t) = -73*t + 191. Determine l(2).
45
Let t(n) = -13*n - 225. Give t(-23).
74
Let a(b) = 16*b**2 + 58*b + 78. Determine a(-4).
102
Let p(a) = 70*a + 5821. Calculate p(-83).
11
Let s(h) = -961*h + 3645. What is s(4)?
-199
Let g(h) = -h**3 + 8*h**2 - 4*h - 13. What is g(7)?
8
Let y(l) = -10*l**2 - 64*l - 28. Give y(-3).
74
Let m(l) = -6*l**2 - 697*l + 584. Determine m(-117).
-1
Let u(r) = -34*r - 79. Calculate u(-3).
23
Let f(r) = -12*r**2 + 78*r + 3. What is f(9)?
-267
Let m(o) = 292*o + 70959. Determine m(-243).
3
Let g(m) = 8*m**3 + 11*m**2 - 32*m - 5. Calculate g(3).
214
Let q(y) = -y**2 + 41*y - 124. Give q(30).
206
Let x(n) = -18*n**3 + 2*n**2 - 10*n - 10. Determine x(-1).
20
Let j(s) = -s**3 - 10*s**2 + 9*s - 10. Calculate j(-12).
170
Let j(v) = v**3 - 11*v**2 - 758*v + 9515. Calculate j(13).
-1
Let u(g) = 18*g**2 - 140*g - 25. Give u(8).
7
Let c(h) = 14*h**2 - 12*h - 7. Calculate c(2).
25
Let i(t) = -t**3 - 117*t**2 - 10. Calculate i(-117).
-10
Let o(u) = 135*u - 2943. What is o(20)?
-243
Let m(t) = t**3 + 7*t**2 - 16*t - 84. What is m(-7)?
28
Let k(q) = -7*q - 102. Give k(5).
-137
Let m(z) = -z**2 - 28*z + 20. Calculate m(-28).
20
Let v(z) = z**3 - 7*z**2 - 3*z - 5. Calculate v(8).
35
Let j(g) = g**2 + 73*g + 1299. Determine j(-31).
-3
Let p(x) = -x**3 - 14*x**2 - 5*x + 76. Determine p(-3).
-8
Let i(u) = -334*u + 328. Determine i(1).
-6
Let l(x) = -4*x**2 + 45*x + 568. Calculate l(19).
-21
Let i(j) = 959*j - 767. Give i(1).
192
Let q(u) = 590*u + 1267. Determine q(-2).
87
Let i(t) = -86*t**2 + 82*t + 82. What is i(-1)?
-86
Let b(h) = 75*h - 3280. Give b(44).
20
Let n(g) = 2*g**2 - 10*g + 10. Calculate n(3).
-2
Let r(p) = 67*p**2 - 737*p + 10. Calculate r(11).
10
Let q(d) = -12*d**2 - 112*d + 77. Determine q(-10).
-3
Let z(g) = 3*g**2 - 10*g - 96. Give z(-9).
237
Let j(h) = -2*h**2 + 40*h + 633. Determine j(-10).
33
Let l(v) = 30*v + 85. What is l(-3)?
-5
Let k(z) = 5*z**2 - 107*z + 563. What is k(5)?
153
Let g(z) = -10*z**2 + 78*z + 12. What is g(9)?
-96
Let l(v) = 189*v - 27436. What is l(145)?
-31
Let v(b) = 13*b**3 + 119*b**2 + 25*b + 48. Determine v(-9).
-15
Let i(q) = -176*q - 3338. Give i(-19).
6
Let v(c) = -660*c + 3926. What is v(6)?
-34
Let c(u) = u**3 + 9*u**2 - u + 7. Determine c(-8).
79
Let o(w) = -3385*w - 10147. Determine o(-3).
8
Let o(b) = 2*b**3 + 11*b**2 - 14*b - 211. Determine o(-5).
-116
Let z(q) = 54*q - 222. Give z(4).
-6
Let g(d) = 112*d - 564. Calculate g(5).
-4
Let y(z) = 2751*z - 2746. Determine y(1).
5
Let r(i) = 4*i + 3. Calculate r(-13).
-49
Let b(s) = -2*s**3 - 9*s**2 - 18*s - 27. Calculate b(-8).
565
Let l(g) = -19*g + 98. What is l(14)?
-168
Let d(p) = 8*p**2 - 16*p + 5. Determine d(3).
29
Let q(u) = -2*u**3 - 15*u**2 + 43*u + 7. Calculate q(3).
-53
Let n(i) = i**3 + 13*i**2 - 72*i - 36. Give n(-17).
32
Let b(c) = -2*c**2 - 31*c - 113. Determine b(-4).
-21
Let s(b) = 2*b**3 + 6*b**2 - 27*b + 17. Give s(-7).
-186
Let k(x) = 30*x - 353. What is k(-19)?
-923
Let o(b) = b**3 - 10*b**2 + 2*b - 3. Give o(8).
-115
Let z(k) = 2*k**2 + 71*k - 273. Determine z(4).
43
Let u(w) = -2*w**2 - 78*w - 331. Calculate u(-34).
9
Let q(f) = -7087*f + 148827. Calculate q(21).
0
Let r(p) = p**3 + 21*p**2 - 62*p - 292. What is r(-23)?
76
Let s(h) = 101*h - 20701. Give s(205).
4
Let z(f) = -f**3 + 20*f**2 + 446*f - 8945. Calculate z(21).
-20
Let m(k) = 47*k + 50. Calculate m(-5).
-185
Let m(w) = -2*w**2 - 65*w - 28. Calculate m(-28).
224
Let p(m) = -47*m - 353. What is p(-7)?
-24
Let l(p) = 2*p - 280. Give l(136).
-8
Let h(b) = b**3 + 18*b**2 - 9*b - 150. Determine h(-18).
12
Let c(u) = u**2 - 757*u - 16372. Give c(-21).
-34
Let p(l) = -16*l**2 + 799*l + 38. What is p(50)?
-12
Let h(y) = -3*y**3 + 33*y**2 - 36*y + 402. Determine h(11).
6
Let y(i) = 19*i**2 + 11*i + 7. Determine y(-2).
61
Let y(h) = -h**3 + 12*h**2 - 9*h + 29. Give y(11).
51
Let k(u) = u**2 - 22*u - 388. Determine k(28).
-220
Let r(m) = -29*m - 157. Give r(-5).
-12
Let h(x) = -x**2 - 34*x + 550. What is h(-46)?
-2
Let w(h) = 3*h**3 + 14*h**2 + 121*h + 401. Determine w(-4).
-51
Let w(k) = k**3 - 10*k**2 + 24*k - 22. Determine w(9).
113
Let u(i) = -3*i**3 + 127*i**2 - 44*i + 73. Determine u(42).
-11
Let y(i) = 2*i**3 - 208*i**2 - 210*i + 3. Give y(105).
3
Let o(j) = -13*j**2 + 18*j + 67. Give o(-4).
-213
Let d(u) = u**3 + 65*u**2 + 299*u - 55. Give d(-60).
5
Let c(v) = -2*v**2 - 5*v + 169. Calculate c(7).
36
Let t(q) = q**3 - 11*q**2 - 45*q + 21. Calcul